 16 a factor of 7763575166?
False
Is 2 a factor of 547536803?
False
Is 289140207 a multiple of 1185?
False
Is 33 a factor of 20437758?
True
Does 251 divide 84772740?
True
Does 958 divide 970490404?
True
Does 304 divide 2515258?
False
Does 1965 divide 609969733?
False
Is 2066940456 a multiple of 35?
False
Is 255 a factor of 44903460?
True
Is 15 a factor of 142392388?
False
Is 10 a factor of 793767410?
True
Does 18 divide 114302628?
True
Is 10 a factor of 128848701?
False
Does 334 divide 406519750?
True
Is 17619516 a multiple of 65?
False
Is 437255808 a multiple of 96?
True
Is 5 a factor of 4688871?
False
Does 49 divide 2226994543?
False
Is 53101740 a multiple of 2490?
True
Is 1942 a factor of 69279990?
False
Does 451 divide 9553082?
True
Does 266 divide 38379640?
False
Does 25 divide 586970?
False
Is 146 a factor of 243835496?
False
Does 812 divide 44028264?
True
Is 27784266 a multiple of 13?
False
Does 81 divide 51983451?
True
Is 9704 a factor of 118582880?
True
Does 52 divide 87151427?
False
Is 50 a factor of 33268850?
True
Does 814 divide 225314324?
False
Does 2238 divide 204468156?
True
Does 1758 divide 155696900?
False
Is 1241916 a multiple of 1257?
True
Is 17 a factor of 8410752?
False
Is 323 a factor of 183089035?
False
Is 2 a factor of 7436849?
False
Is 27 a factor of 706212240?
False
Is 385061196 a multiple of 16?
False
Does 100 divide 265021329?
False
Is 1247 a factor of 250488631?
True
Does 215 divide 142133275?
True
Is 1044663088 a multiple of 326?
True
Does 46 divide 19134830?
False
Is 13 a factor of 13818324?
True
Does 410 divide 1371380646?
False
Is 128524657 a multiple of 725?
False
Is 13 a factor of 739921410?
False
Does 6517 divide 630637056?
True
Is 19612074 a multiple of 181?
True
Is 346199590 a multiple of 297?
False
Is 3534624 a multiple of 108?
True
Does 204 divide 294018468?
True
Does 40 divide 48593080?
True
Is 72371098 a multiple of 47?
False
Is 323106288 a multiple of 12?
True
Is 235 a factor of 16825870?
False
Does 1326 divide 16624062?
True
Does 16 divide 187139479?
False
Does 56 divide 1390179440?
False
Does 45 divide 25047314?
False
Does 1744 divide 947404432?
False
Is 233634288 a multiple of 12?
True
Does 34 divide 684729400?
True
Is 256 a factor of 137272035?
False
Is 41754277 a multiple of 83?
False
Is 20048578 a multiple of 86?
True
Is 137 a factor of 2647171403?
True
Is 245 a factor of 205835397?
False
Is 4090 a factor of 1054348830?
True
Is 1877 a factor of 1769064162?
False
Does 356 divide 19167380?
False
Is 143132366 a multiple of 676?
False
Does 4 divide 35786580?
True
Does 88 divide 555776659?
False
Is 8 a factor of 30465392?
True
Is 429190698 a multiple of 386?
True
Is 63 a factor of 30678475?
False
Is 4312313 a multiple of 476?
False
Is 5925474 a multiple of 44?
False
Is 451 a factor of 454608?
True
Is 605893831 a multiple of 10?
False
Is 135 a factor of 333515475?
True
Is 63582590 a multiple of 1163?
False
Is 282176420 a multiple of 2473?
False
Is 5455202580 a multiple of 18?
True
Is 3115 a factor of 1069809370?
True
Is 18 a factor of 778099706?
False
Does 40 divide 167546600?
True
Is 454708818 a multiple of 10?
False
Does 3 divide 84776634?
True
Does 6 divide 190350503?
False
Is 18 a factor of 984471750?
True
Is 4466458327 a multiple of 18?
False
Is 81392872 a multiple of 374?
True
Is 28825790 a multiple of 11?
False
Is 141 a factor of 419500380?
True
Is 4117166 a multiple of 151?
True
Is 118601724 a multiple of 17?
True
Is 125 a factor of 390553500?
True
Does 335 divide 28409675?
True
Does 473 divide 1322079289?
False
Is 6 a factor of 105623914?
False
Is 622 a factor of 13554002?
True
Is 176693712 a multiple of 156?
True
Does 20 divide 164116360?
True
Does 3 divide 31378921?
False
Does 10121 divide 1184359420?
True
Is 781 a factor of 20564225?
False
Is 15 a factor of 42670515?
True
Is 1906 a factor of 1559896142?
False
Does 18 divide 1127154216?
False
Is 87 a factor of 62610409?
False
Is 1374 a factor of 54365008?
False
Is 39323189 a multiple of 89?
False
Is 15479046 a multiple of 37?
False
Is 181 a factor of 1219985431?
True
Is 163589888 a multiple of 301?
True
Is 57582360 a multiple of 1665?
True
Does 21 divide 1702547?
False
Is 35 a factor of 430325?
True
Is 3967070998 a multiple of 26?
False
Does 129 divide 999879903?
True
Is 8 a factor of 801743128?
True
Is 558211680 a multiple of 120?
True
Is 108810441 a multiple of 5?
False
Is 93149114 a multiple of 398?
True
Does 24 divide 22850414?
False
Is 1421726520 a multiple of 10?
True
Is 207 a factor of 1393292503?
False
Is 33 a factor of 335041894?
False
Is 32 a factor of 63827040?
True
Does 91 divide 1048647899?
False
Does 10 divide 3642830?
True
Is 237 a factor of 607873358?
False
Is 1191634813 a multiple of 10982?
False
Does 2342 divide 1523990924?
True
Is 2864 a factor of 703170434?
False
Does 431 divide 850120625?
False
Does 43 divide 162279757?
False
Does 55 divide 11133428?
False
Is 678103101 a multiple of 2783?
False
Is 34 a factor of 117708?
True
Is 3040 a factor of 95161120?
True
Is 1674847454 a multiple of 19?
True
Is 9 a factor of 25195571?
False
Is 1165696816 a multiple of 304?
True
Is 369978483 a multiple of 2273?
True
Is 1338061450 a multiple of 29?
True
Is 621067621 a multiple of 1043?
False
Is 67 a factor of 1266452089?
False
Is 934 a factor of 3008242?
False
Is 16 a factor of 487628143?
False
Is 598193682 a multiple of 7124?
False
Does 6 divide 15601295?
False
Does 34 divide 38406910?
True
Is 958 a factor of 2402739682?
True
Is 90136988 a multiple of 2204?
True
Does 95 divide 11688230?
True
Is 37 a factor of 1598350050?
True
Is 85 a factor of 547930284?
False
Is 371 a factor of 2282601615?
True
Does 985 divide 560124622?
False
Is 91 a factor of 1350624639?
True
Is 105 a factor of 372067831?
False
Is 256239920 a multiple of 3896?
True
Is 13415178 a multiple of 114?
True
Is 4502 a factor of 5503861574?
True
Is 17 a factor of 49398002?
False
Does 238 divide 57686077?
False
Is 18 a factor of 322832803?
False
Does 2787 divide 698643369?
False
Does 88 divide 141530664?
True
Is 3545 a factor of 41409603?
False
Is 3 a factor of 15731502?
True
Does 2177 divide 26959950?
False
Is 247 a factor of 11727313?
True
Does 983 divide 217329918?
False
Is 2233365280 a multiple of 10072?
True
Is 773 a factor of 53872934?
False
Is 15686029 a multiple of 3?
False
Is 2516127925 a multiple of 425?
True
Does 16 divide 50972016?
True
Does 2872 divide 1111964950?
False
Is 397397708 a multiple of 269?
False
Does 127 divide 48123221?
True
Is 40067944 a multiple of 398?
False
Is 4 a factor of 375846?
False
Is 14855060 a multiple of 22?
True
Does 11256 divide 234261505?
False
Is 5 a factor of 1705836850?
True
Is 17 a factor of 680293643?
False
Is 228490 a multiple of 459?
False
Is 5 a factor of 427513896?
False
Is 1051656524 a multiple of 11?
False
Is 922854974 a multiple of 53?
True
Is 4 a factor of 6677928?
True
Does 13 divide 11612952?
True
Does 118 divide 4421601482?
True
Does 52 divide 73913216?
True
Is 4 a factor of 8778868?
True
Is 765670241 a multiple of 13?
False
Does 1256 divide 150409768?
True
Does 234 divide 448182004?
False
Is 101 a factor of 33098248?
False
Is 13463436 a multiple of 686?
True
Is 41 a factor of 22364680?
True
Does 25 divide 43447688?
False
Is 8 a factor of 23271658?
False
Does 130 divide 466866827?
False
Is 567179279 a multiple of 323?
True
Does 2688 divide 26033420?
False
Is 1034 a factor of 175694968?
False
Is 243897984 a multiple of 32?
True
Does 286 divide 240056674?
True
Is 84 a factor of 1775844?
True
Is 3959604 a multiple of 101?
True
Does 98 divide 1615638584?
True
Does 57 divide 3831669162?
True
Does 194 divide 121762354?
True
Is 21 a factor of 186008399?
False
Does 3816 divide 194139707?
False
Is 53 a factor of 123231586?
False
Is 917 a factor of 49304600?
False
Is 128 a factor of 280064?
True
Is 2772 a factor of 127191015?
False
Is 1095693368 a multiple of 2506?
True
Does 195 divide 104183625?
True
Is 456564789 a multiple of 23?
True
Is 2758891 a multiple of 143?
False
Does 16 divide 2448457488?
True
Does 130 divide 1267648368?
False
Is 45 a factor of 12391875?
True
Is 36508536 a multiple of 167?
False
Does 1053 divide 358193945?
False
Is 1777449601 a multiple of 76?
False
Is 95 a factor of 12948310?
True
Does 5 divide